ided by 235?
14
What is the remainder when 127 is divided by 26?
23
Calculate the remainder when 370 is divided by 4.
2
Calculate the remainder when 111 is divided by 97.
14
What is the remainder when 292 is divided by 40?
12
What is the remainder when 33303 is divided by 362?
361
Calculate the remainder when 559 is divided by 80.
79
What is the remainder when 120 is divided by 105?
15
What is the remainder when 394 is divided by 189?
16
Calculate the remainder when 376 is divided by 1.
0
What is the remainder when 47 is divided by 34?
13
Calculate the remainder when 872 is divided by 148.
132
Calculate the remainder when 499 is divided by 25.
24
What is the remainder when 40 is divided by 22?
18
What is the remainder when 8830 is divided by 92?
90
Calculate the remainder when 2506 is divided by 114.
112
What is the remainder when 1244 is divided by 286?
100
What is the remainder when 221 is divided by 35?
11
What is the remainder when 3865 is divided by 966?
1
Calculate the remainder when 182 is divided by 27.
20
Calculate the remainder when 11288 is divided by 159.
158
What is the remainder when 1418 is divided by 33?
32
Calculate the remainder when 12952 is divided by 34.
32
Calculate the remainder when 24 is divided by 16.
8
Calculate the remainder when 221 is divided by 18.
5
Calculate the remainder when 958 is divided by 60.
58
Calculate the remainder when 203 is divided by 30.
23
What is the remainder when 166 is divided by 151?
15
What is the remainder when 7198 is divided by 9?
7
Calculate the remainder when 10508 is divided by 3500.
8
What is the remainder when 316 is divided by 10?
6
Calculate the remainder when 1549 is divided by 21.
16
Calculate the remainder when 64 is divided by 4.
0
What is the remainder when 402 is divided by 34?
28
What is the remainder when 6097 is divided by 20?
17
Calculate the remainder when 2415 is divided by 39.
36
What is the remainder when 1851 is divided by 53?
49
Calculate the remainder when 810 is divided by 13.
4
What is the remainder when 140 is divided by 67?
6
Calculate the remainder when 2575 is divided by 152.
143
What is the remainder when 191 is divided by 34?
21
What is the remainder when 1230 is divided by 14?
12
Calculate the remainder when 357 is divided by 38.
15
What is the remainder when 438 is divided by 40?
38
What is the remainder when 102 is divided by 32?
6
What is the remainder when 49 is divided by 42?
7
Calculate the remainder when 233 is divided by 25.
8
Calculate the remainder when 5071 is divided by 1687.
10
What is the remainder when 766 is divided by 77?
73
Calculate the remainder when 727 is divided by 122.
117
What is the remainder when 694 is divided by 27?
19
What is the remainder when 165 is divided by 62?
41
What is the remainder when 2518 is divided by 97?
93
Calculate the remainder when 101 is divided by 16.
5
Calculate the remainder when 166 is divided by 42.
40
Calculate the remainder when 4738 is divided by 1184.
2
Calculate the remainder when 355 is divided by 18.
13
What is the remainder when 615 is divided by 138?
63
What is the remainder when 6472 is divided by 8?
0
Calculate the remainder when 162 is divided by 24.
18
What is the remainder when 525 is divided by 8?
5
What is the remainder when 97 is divided by 24?
1
Calculate the remainder when 8409 is divided by 14.
9
What is the remainder when 2765 is divided by 20?
5
Calculate the remainder when 4131 is divided by 6.
3
What is the remainder when 205 is divided by 11?
7
Calculate the remainder when 2582 is divided by 285.
17
Calculate the remainder when 411 is divided by 8.
3
What is the remainder when 86 is divided by 29?
28
Calculate the remainder when 107 is divided by 30.
17
What is the remainder when 161 is divided by 41?
38
What is the remainder when 164 is divided by 77?
10
Calculate the remainder when 717 is divided by 12.
9
What is the remainder when 73 is divided by 10?
3
Calculate the remainder when 546 is divided by 58.
24
What is the remainder when 470 is divided by 11?
8
What is the remainder when 65 is divided by 17?
14
What is the remainder when 1348 is divided by 331?
24
What is the remainder when 64 is divided by 23?
18
Calculate the remainder when 151 is divided by 22.
19
What is the remainder when 320 is divided by 17?
14
Calculate the remainder when 2348 is divided by 157.
150
What is the remainder when 500 is divided by 45?
5
What is the remainder when 2640 is divided by 38?
18
What is the remainder when 788 is divided by 154?
18
What is the remainder when 1658 is divided by 10?
8
What is the remainder when 1330 is divided by 1303?
27
Calculate the remainder when 4644 is divided by 46.
44
What is the remainder when 134 is divided by 133?
1
Calculate the remainder when 635 is divided by 58.
55
Calculate the remainder when 821 is divided by 137.
136
Calculate the remainder when 125 is divided by 22.
15
What is the remainder when 105 is divided by 64?
41
What is the remainder when 7002 is divided by 14?
2
What is the remainder when 3398 is divided by 40?
38
What is the remainder when 60 is divided by 7?
4
Calculate the remainder when 5167 is divided by 5153.
14
Calculate the remainder when 131 is divided by 71.
60
What is the remainder when 716 is divided by 56?
44
Calculate the remainder when 595 is divided by 14.
7
What is the remainder when 197 is divided by 71?
55
Calculate the remainder when 1169 is divided by 17.
13
Calculate the remainder when 1256 is divided by 14.
10
Calculate the remainder when 2916 is divided by 30.
6
Calculate the remainder when 178 is divided by 62.
54
What is the remainder when 39 is divided by 7?
4
What is the remainder when 1871 is divided by 44?
23
Calculate the remainder when 497 is divided by 5.
2
Calculate the remainder when 181 is divided by 37.
33
What is the remainder when 139 is divided by 7?
6
Calculate the remainder when 129 is divided by 73.
56
Calculate the remainder when 696 is divided by 35.
31
Calculate the remainder when 2322 is divided by 93.
90
What is the remainder when 167 is divided by 58?
51
What is the remainder when 701 is divided by 117?
116
Calculate the remainder when 48 is divided by 9.
3
Calculate the remainder when 92 is divided by 18.
2
Calculate the remainder when 255 is divided by 30.
15
Calculate the remainder when 305 is divided by 6.
5
Calculate the remainder when 1492 is divided by 55.
7
What is the remainder when 440 is divided by 144?
8
Calculate the remainder when 137 is divided by 83.
54
Calculate the remainder when 495 is divided by 16.
15
Calculate the remainder when 1800 is divided by 197.
27
Calculate the remainder when 3716 is divided by 311.
295
Calculate the remainder when 863 is divided by 58.
51
Calculate the remainder when 2227 is divided by 31.
26
What is the remainder when 7608 is divided by 59?
56
Calculate the remainder when 71 is divided by 2.
1
Calculate the remainder when 53 is divided by 29.
24
What is the remainder when 134 is divided by 51?
32
Calculate the remainder when 909 is divided by 240.
189
Calculate the remainder when 8327 is divided by 85.
82
Calculate the remainder when 458 is divided by 115.
113
What is the remainder when 12185 is divided by 16?
9
What is the remainder when 23 is divided by 4?
3
What is the remainder when 893 is divided by 28?
25
What is the remainder when 1278 is divided by 143?
134
What is the remainder when 300 is divided by 17?
11
What is the remainder when 295 is divided by 122?
51
What is the remainder when 970 is divided by 192?
10
Calculate the remainder when 144 is divided by 29.
28
What is the remainder when 217 is divided by 58?
43
Calculate the remainder when 335 is divided by 8.
7
What is the remainder when 41 is divided by 15?
11
What is the remainder when 598 is divided by 121?
114
Calculate the remainder when 674 is divided by 111.
8
What is the remainder when 119 is divided by 119?
0
What is the remainder when 266 is divided by 17?
11
What is the remainder when 1996 is divided by 77?
71
Calculate the remainder when 197 is divided by 101.
96
Calculate the remainder when 52 is divided by 19.
14
What is the remainder when 1086 is divided by 64?
62
Calculate the remainder when 2945 is divided by 34.
21
What is the remainder when 39092 is divided 